common factor of 10556 and 21353570?
406
What is the greatest common divisor of 3157648 and 13566?
646
Calculate the greatest common divisor of 2074 and 1118413.
17
Calculate the greatest common factor of 1 and 2353177.
1
Calculate the highest common divisor of 36619619 and 916.
229
Calculate the highest common factor of 2312670 and 1070610.
3810
Calculate the highest common factor of 4437 and 53299245.
87
What is the highest common divisor of 2965 and 6282242?
593
What is the highest common factor of 23928935 and 95?
5
Calculate the greatest common divisor of 39769721 and 554.
277
Calculate the highest common divisor of 20295756 and 78.
78
What is the highest common factor of 4624629 and 272?
17
Calculate the greatest common divisor of 13728 and 66816.
96
What is the highest common divisor of 25 and 55313675?
25
What is the greatest common divisor of 651264 and 480021?
159
What is the greatest common divisor of 1878 and 3725326?
626
Calculate the greatest common divisor of 18162648 and 1368.
72
What is the greatest common factor of 183 and 2832901?
61
Calculate the highest common factor of 1481408 and 8216.
632
What is the greatest common divisor of 553502 and 332609?
2539
Calculate the greatest common factor of 522 and 9625806.
18
Calculate the greatest common factor of 5904 and 139627632.
1968
Calculate the highest common factor of 72200327 and 554.
277
What is the greatest common divisor of 130562 and 331352?
194
Calculate the highest common factor of 4600 and 23552.
184
What is the greatest common divisor of 5277 and 1527024839?
1759
Calculate the highest common factor of 3970425850 and 358.
358
Calculate the greatest common divisor of 6 and 25243806.
6
What is the highest common factor of 2460412 and 8?
4
Calculate the highest common divisor of 44567274 and 93.
93
Calculate the greatest common factor of 7091616 and 224.
224
What is the greatest common factor of 259778 and 13124?
386
Calculate the greatest common divisor of 219081 and 8720907.
309
Calculate the highest common factor of 906393150 and 1066.
1066
What is the highest common factor of 112773700 and 104?
52
Calculate the greatest common factor of 404791 and 15469844.
4877
Calculate the greatest common divisor of 47891615 and 290.
145
Calculate the highest common divisor of 249599259 and 1566.
783
What is the greatest common factor of 111131108 and 88?
44
What is the greatest common divisor of 34280175 and 2610?
435
What is the highest common divisor of 12 and 4897869?
3
Calculate the greatest common divisor of 62 and 367965443.
31
Calculate the highest common factor of 651958 and 4002.
46
What is the highest common factor of 124 and 12485653?
31
What is the greatest common divisor of 1162462 and 6622?
602
What is the greatest common factor of 6317565 and 3552?
111
Calculate the greatest common divisor of 23381 and 37001.
227
What is the greatest common divisor of 2720 and 27067808?
544
Calculate the highest common factor of 1684562 and 1969.
11
What is the greatest common factor of 49740 and 1014000?
60
Calculate the highest common divisor of 155 and 405770749.
31
What is the highest common divisor of 8909427 and 12?
3
What is the highest common factor of 9496 and 26681386?
2374
Calculate the greatest common factor of 648 and 31432.
8
Calculate the greatest common divisor of 9564360 and 2340.
780
Calculate the highest common divisor of 8179892 and 3501.
389
What is the greatest common factor of 97240 and 19908020?
3740
Calculate the greatest common divisor of 124936 and 264592.
184
What is the highest common divisor of 184257660 and 60?
60
Calculate the greatest common factor of 1248426 and 62586.
3294
What is the highest common divisor of 2513048 and 19191626?
11854
What is the highest common divisor of 429 and 18477602?
143
What is the highest common divisor of 27949 and 41857?
19
What is the highest common divisor of 2492624704 and 3712?
1856
What is the highest common factor of 16950 and 220912740?
3390
Calculate the greatest common divisor of 400 and 28174450.
50
Calculate the greatest common divisor of 383420 and 81320.
380
What is the greatest common factor of 1553167 and 805?
161
What is the highest common factor of 13 and 2660671?
13
Calculate the greatest common factor of 5452098 and 1806747.
4551
What is the greatest common divisor of 12121 and 227987?
17
Calculate the highest common factor of 1436 and 16760633.
359
Calculate the highest common divisor of 153540 and 721980.
180
Calculate the greatest common factor of 154 and 165080993.
77
What is the highest common factor of 277070 and 6592?
206
Calculate the highest common factor of 95 and 357705.
5
What is the greatest common divisor of 152584 and 2264?
8
What is the highest common divisor of 6320 and 2183530?
10
Calculate the highest common divisor of 268 and 424050437.
67
What is the highest common factor of 7056 and 7031004?
12
What is the greatest common factor of 298936 and 27348?
172
What is the highest common divisor of 41526557 and 3643?
3643
Calculate the greatest common factor of 337125 and 427800.
2325
What is the greatest common divisor of 20283599 and 1078?
49
Calculate the greatest common factor of 2490314 and 12714.
326
Calculate the greatest common divisor of 1208828 and 2733436.
1108
What is the greatest common divisor of 4035732 and 60?
12
What is the greatest common factor of 10 and 16280570?
10
What is the highest common factor of 184146 and 274668?
282
Calculate the highest common divisor of 9443134 and 146.
146
Calculate the highest common factor of 2823492 and 5376.
84
Calculate the highest common factor of 279 and 48781848.
93
Calculate the highest common factor of 334 and 88783546.
334
Calculate the greatest common divisor of 2226 and 22478572.
106
What is the greatest common divisor of 52 and 144822314?
26
What is the highest common factor of 144 and 2152630800?
144
What is the highest common divisor of 444 and 12457678?
74
Calculate the highest common factor of 637960 and 1818760.
1640
What is the highest common divisor of 45522460 and 1160?
580
Calculate the greatest common divisor of 2181 and 5331091.
727
What is the greatest common factor of 502 and 841709926?
502
What is the greatest common divisor of 1920 and 693990?
30
Calculate the highest common divisor of 684 and 5856180.
228
Calculate the highest common divisor of 7179966 and 72.
18
What is the highest common factor of 11820571 and 15743?
1211
Calculate the greatest common divisor of 28241938 and 2134.
194
Calculate the greatest common divisor of 386 and 321420656.
386
What is the highest common factor of 2399 and 19?
1
Calculate the greatest common factor of 185606 and 512669.
901
What is the highest common divisor of 3208568 and 1041007?
1111
What is the highest common divisor of 176672058 and 2601?
867
Calculate the highest common factor of 158779180 and 84.
28
Calculate the highest common factor of 428445600 and 150.
150
What is the greatest common divisor of 12537420 and 238?
14
Calculate the highest common factor of 9190890 and 360.
90
Calculate the greatest common divisor of 199237105 and 87.
29
Calculate the greatest common factor of 130101 and 21318.
51
Calculate the highest common divisor of 10436880 and 135.
15
Calculate the highest common divisor of 23886203 and 869.
869
Calculate the greatest common divisor of 136102821 and 615.
123
What is the highest common factor of 19425 and 1361193?
111
Calculate the greatest common divisor of 17088743 and 174.
29
Calculate the greatest common divisor of 18956206 and 172.
86
Calculate the highest common factor of 11595477 and 194.
97
Calculate the highest common factor of 23514387 and 13065.
2613
What is the highest common divisor of 3233 and 9952764?
53
Calculate the highest common factor of 4244 and 92068.
4
What is the highest common factor of 8 and 2690280?
8
Calculate the highest common factor of 222763232 and 32.
32
Calculate the greatest common factor of 20 and 88423660.
20
What is the highest common factor of 104324232 and 9352?
1336
What is the greatest common divisor of 14802 and 138818090?
4934
Calculate the greatest common divisor of 6112 and 16498580.
764
What is the greatest common divisor of 1228792 and 14275?
571
What is the highest common divisor of 79822 